{"id":8793,"date":"2015-06-04T13:16:02","date_gmt":"2015-06-04T13:16:02","guid":{"rendered":"http:\/\/soeurs-de-stgildas-nantes.cef.fr\/?page_id=8793"},"modified":"2015-06-04T17:06:15","modified_gmt":"2015-06-04T17:06:15","slug":"jubiles-mai-2015","status":"publish","type":"page","link":"https:\/\/soeurs-de-stgildas-nantes.cef.fr\/?page_id=8793","title":{"rendered":"Jubil\u00e9s: mai 2015"},"content":{"rendered":"<p style=\"text-align: center;\"><span style=\"color: #f8a28a;\"><strong><span style=\"font-size: medium;\">Chantez, priez, c\u00e9l\u00e9brez le Seigneur<\/span><\/strong><\/span><\/p>\n<p style=\"text-align: center;\"><span style=\"color: #ff0000;\"><span style=\"font-size: medium;\"><strong><span style=\"color: #f8a28a;\">car \u00e9ternel est son amour !<\/span><br \/>\n<\/strong><\/span><\/span><\/p>\n<table style=\"width: 100%;\" border=\"0\">\n<tbody>\n<tr>\n<td style=\"width: 48%;\">\n<table style=\"height: 324px;\" border=\"0\">\n<tbody>\n<tr>\n<td>\n<p style=\"text-align: right;\"><strong>\u00ab\u00a0Seigneur,<\/strong><strong> que nos vies et notre pri\u00e8re<br \/>\nd&rsquo;aujourd&rsquo;hui<br \/>\nsoient action de gr\u00e2ces<br \/>\npour ce que Tu nous as donn\u00e9<br \/>\nde vivre<br \/>\nau service de nos fr\u00e8res,<br \/>\ndans l&rsquo;Eglise et dans le monde.<\/strong><\/p>\n<p style=\"text-align: right;\"><strong>Seigneur, nous Te remercions<br \/>\npour la joie de la mission partag\u00e9e<br \/>\net pour la beaut\u00e9 de la cr\u00e9ation<br \/>\nque Tu nous confies\u00a0\u00bb<\/strong><\/p>\n<p style=\"text-align: center;\"><a href=\"http:\/\/soeurs-de-stgildas-nantes.cef.fr\/wp-content\/uploads\/2015\/06\/DSCN1281.jpg\"><img loading=\"lazy\" decoding=\"async\" class=\"aligncenter\" title=\"DSCN1281\" src=\"http:\/\/soeurs-de-stgildas-nantes.cef.fr\/wp-content\/uploads\/2015\/06\/DSCN1281-150x150.jpg\" alt=\"\" width=\"150\" height=\"150\" \/><\/a><\/p>\n<\/td>\n<\/tr>\n<\/tbody>\n<\/table>\n<\/td>\n<td style=\"width: 50%;\"><a href=\"http:\/\/soeurs-de-stgildas-nantes.cef.fr\/wp-content\/uploads\/2015\/06\/Sans-titre1.jpg\"><img loading=\"lazy\" decoding=\"async\" class=\"aligncenter size-medium wp-image-8811\" title=\"Sans titre\" src=\"http:\/\/soeurs-de-stgildas-nantes.cef.fr\/wp-content\/uploads\/2015\/06\/Sans-titre1-263x300.jpg\" alt=\"\" width=\"210\" height=\"240\" srcset=\"https:\/\/soeurs-de-stgildas-nantes.cef.fr\/wp-content\/uploads\/2015\/06\/Sans-titre1-263x300.jpg 263w, https:\/\/soeurs-de-stgildas-nantes.cef.fr\/wp-content\/uploads\/2015\/06\/Sans-titre1.jpg 485w\" sizes=\"auto, (max-width: 210px) 100vw, 210px\" \/><\/a><\/td>\n<\/tr>\n<\/tbody>\n<\/table>\n<table style=\"width: 100%;\" border=\"0\">\n<tbody>\n<tr>\n<td style=\"width: 95%; text-align: center;\"><span style=\"font-size: small;\">Recueillement, Louange et Communion \u00e0 la chapelle,<\/span><\/p>\n<p><span style=\"font-size: small;\">Convivialit\u00e9 et repas fraternel \u00e0 la salle \u00e0 manger<\/span><\/p>\n<p><span style=\"font-size: small;\">ont fait de ce 31 mai une belle journ\u00e9e !<br \/>\n<\/span><\/p>\n<p><span style=\"font-size: small;\">En voici quelques \u00e9chos ci dessous<\/span> &#8230;<\/td>\n<\/tr>\n<\/tbody>\n<\/table>\n<div style=\"text-align: center;\">\n<div style=\"text-align:center;\">\n<div style=\"margin:8px 0px 4px;\"><a href=\"http:\/\/www.calameo.com\/books\/002529238e38b15e3dca7\" target=\"_blank\">A La Chapelle<\/a><\/div>\n<p><iframe loading=\"lazy\" src=\"\/\/v.calameo.com\/?bkcode=002529238e38b15e3dca7&#038;showsharemenu=false&#038;clickto=view&#038;clicktarget=_self\" width=\"420\" height=\"272\" frameborder=\"0\" scrolling=\"no\" allowtransparency allowfullscreen style=\"margin:0 auto;\"><\/iframe><\/p>\n<div style=\"margin:4px 0px 8px;\"><a href=\"http:\/\/www.calameo.com\/\" target=\"_blank\"><\/a><\/div>\n<\/div>\n<\/div>\n<div style=\"text-align:center;\">\n<div style=\"margin:8px 0px 4px;\"><a href=\"http:\/\/www.calameo.com\/books\/002529238cb5125faf356\" target=\"_blank\">Diaporama Repas<\/a><\/div>\n<p><iframe loading=\"lazy\" src=\"\/\/v.calameo.com\/?bkcode=002529238cb5125faf356&#038;showsharemenu=false&#038;clickto=view&#038;clicktarget=_self\" width=\"420\" height=\"272\" frameborder=\"0\" scrolling=\"no\" allowtransparency allowfullscreen style=\"margin:0 auto;\"><\/iframe><\/p>\n<div style=\"margin:4px 0px 8px;\"><a href=\"http:\/\/www.calameo.com\/\" target=\"_blank\"><\/a><\/div>\n<\/div>\n","protected":false},"excerpt":{"rendered":"<p>Chantez, priez, c\u00e9l\u00e9brez le Seigneur car \u00e9ternel est son amour ! \u00ab\u00a0Seigneur, que nos vies et notre pri\u00e8re d&rsquo;aujourd&rsquo;hui soient action de gr\u00e2ces pour ce que Tu nous as donn\u00e9 de vivre au service de nos fr\u00e8res, dans l&rsquo;Eglise et dans le monde. Seigneur, nous Te remercions pour la joie de la mission partag\u00e9e et [&hellip;]<\/p>\n","protected":false},"author":3,"featured_media":0,"parent":132,"menu_order":0,"comment_status":"closed","ping_status":"closed","template":"","meta":{"ngg_post_thumbnail":0,"footnotes":""},"class_list":["post-8793","page","type-page","status-publish","hentry"],"_links":{"self":[{"href":"https:\/\/soeurs-de-stgildas-nantes.cef.fr\/index.php?rest_route=\/wp\/v2\/pages\/8793","targetHints":{"allow":["GET"]}}],"collection":[{"href":"https:\/\/soeurs-de-stgildas-nantes.cef.fr\/index.php?rest_route=\/wp\/v2\/pages"}],"about":[{"href":"https:\/\/soeurs-de-stgildas-nantes.cef.fr\/index.php?rest_route=\/wp\/v2\/types\/page"}],"author":[{"embeddable":true,"href":"https:\/\/soeurs-de-stgildas-nantes.cef.fr\/index.php?rest_route=\/wp\/v2\/users\/3"}],"replies":[{"embeddable":true,"href":"https:\/\/soeurs-de-stgildas-nantes.cef.fr\/index.php?rest_route=%2Fwp%2Fv2%2Fcomments&post=8793"}],"version-history":[{"count":26,"href":"https:\/\/soeurs-de-stgildas-nantes.cef.fr\/index.php?rest_route=\/wp\/v2\/pages\/8793\/revisions"}],"predecessor-version":[{"id":8821,"href":"https:\/\/soeurs-de-stgildas-nantes.cef.fr\/index.php?rest_route=\/wp\/v2\/pages\/8793\/revisions\/8821"}],"up":[{"embeddable":true,"href":"https:\/\/soeurs-de-stgildas-nantes.cef.fr\/index.php?rest_route=\/wp\/v2\/pages\/132"}],"wp:attachment":[{"href":"https:\/\/soeurs-de-stgildas-nantes.cef.fr\/index.php?rest_route=%2Fwp%2Fv2%2Fmedia&parent=8793"}],"curies":[{"name":"wp","href":"https:\/\/api.w.org\/{rel}","templated":true}]}}