{"id":5156,"date":"2013-04-24T09:36:48","date_gmt":"2013-04-24T09:36:48","guid":{"rendered":"http:\/\/soeurs-de-stgildas-nantes.cef.fr\/?page_id=5156"},"modified":"2013-04-26T13:34:22","modified_gmt":"2013-04-26T13:34:22","slug":"rencontre-annuelle-2013","status":"publish","type":"page","link":"https:\/\/soeurs-de-stgildas-nantes.cef.fr\/?page_id=5156","title":{"rendered":"Rencontre annuelle 2013"},"content":{"rendered":"<p><a href=\"http:\/\/soeurs-de-stgildas-nantes.cef.fr\/wp-content\/uploads\/2013\/04\/Participants.jpg\"><img loading=\"lazy\" decoding=\"async\" class=\"alignleft size-full wp-image-5157\" title=\"Participants\" src=\"http:\/\/soeurs-de-stgildas-nantes.cef.fr\/wp-content\/uploads\/2013\/04\/Participants.jpg\" alt=\"\" width=\"324\" height=\"243\" srcset=\"https:\/\/soeurs-de-stgildas-nantes.cef.fr\/wp-content\/uploads\/2013\/04\/Participants.jpg 400w, https:\/\/soeurs-de-stgildas-nantes.cef.fr\/wp-content\/uploads\/2013\/04\/Participants-300x225.jpg 300w\" sizes=\"auto, (max-width: 324px) 100vw, 324px\" \/><\/a><\/p>\n<p>Le 16 mars, nous nous sommes retrouv\u00e9s pour la deuxi\u00e8me fois \u00e0 S\u00e9es pour notre plus grand plaisir, fort du souvenir laiss\u00e9 par nos retrouvailles de l&rsquo;ann\u00e9e derni\u00e8re.<\/p>\n<p>Cette ann\u00e9e nous avons r\u00e9fl\u00e9chi ensemble sur le th\u00e8me de \u00ab\u00a0L&rsquo;ann\u00e9e de la Foi\u00a0\u00bb.<\/p>\n<p>L&rsquo;intervention d&rsquo;Anne Hogan nous a s\u00e9duits par sa simplicit\u00e9 et la richesse de son contenu. Nous pouvons ais\u00e9ment transcrire ses propos dans notre vie de tous les jours.<\/p>\n<p>Nous, membres engag\u00e9s de la Famille Gildasienne, venus de la r\u00e9gion parisienne et des Pays de la loire, sommes heureux de nous retrouver en toute convivialit\u00e9. R\u00e9flexion et chaleur humaine (nous n&rsquo;oublions pas les anniversaires, les naissances\u2026), voil\u00e0 un bon \u00ab\u00a0terreau\u00a0\u00bb pour t\u00e9moigner et rendre gr\u00e2ce de nos chemins respectifs si diff\u00e9rents selon nos lieux de vie et situations personnelles.<\/p>\n<p>Nous sentons bien que ces moments privil\u00e9gi\u00e9s sont indispensables \u00e0 notre parcours de foi !<\/p>\n<p>Enfin un endroit o\u00f9 l&rsquo;on peut s&rsquo;exprimer \u00ab\u00a0en famille\u00a0\u00bb sans \u00eatre jug\u00e9s en se servant de nos diff\u00e9rences pour cel\u00e9brer et t\u00e9moigner que :<\/p>\n<p style=\"padding-left: 60px;\">&#8211; la foi est fragile et la pri\u00e8re est forte ;<\/p>\n<p style=\"padding-left: 60px;\">&#8211; la pri\u00e8re \u00e9duque la foi ;<\/p>\n<p style=\"padding-left: 60px;\">&#8211; la pri\u00e8re r\u00e9veille l&rsquo;amour, remplit le c\u0153ur de bons sentiments ;<\/p>\n<p style=\"padding-left: 60px;\">&#8211; l&rsquo;amour de la pri\u00e8re est essentiel \u00e0 la croissance spirituelle ;<\/p>\n<p style=\"padding-left: 60px;\">&#8211; l&rsquo;esprit de foi devient ob\u00e9issance.<\/p>\n<p>Ces retrouvailles nous ressourcent et nous vivifient, gr\u00e2ce \u00e0 elles\u2026<\/p>\n<p style=\"padding-left: 120px;\">\u00ab\u00a0RIEN N&rsquo;EST IMPOSSIBLE \u00c0 DIEU\u00a0\u00bb<\/p>\n<p style=\"padding-left: 210px;\">Annie et Jean-Pierre<\/p>\n","protected":false},"excerpt":{"rendered":"<p>Le 16 mars, nous nous sommes retrouv\u00e9s pour la deuxi\u00e8me fois \u00e0 S\u00e9es pour notre plus grand plaisir, fort du souvenir laiss\u00e9 par nos retrouvailles de l&rsquo;ann\u00e9e derni\u00e8re. Cette ann\u00e9e nous avons r\u00e9fl\u00e9chi ensemble sur le th\u00e8me de \u00ab\u00a0L&rsquo;ann\u00e9e de la Foi\u00a0\u00bb. L&rsquo;intervention d&rsquo;Anne Hogan nous a s\u00e9duits par sa simplicit\u00e9 et la richesse de [&hellip;]<\/p>\n","protected":false},"author":3,"featured_media":0,"parent":151,"menu_order":0,"comment_status":"closed","ping_status":"closed","template":"","meta":{"ngg_post_thumbnail":0,"footnotes":""},"class_list":["post-5156","page","type-page","status-publish","hentry"],"_links":{"self":[{"href":"https:\/\/soeurs-de-stgildas-nantes.cef.fr\/index.php?rest_route=\/wp\/v2\/pages\/5156","targetHints":{"allow":["GET"]}}],"collection":[{"href":"https:\/\/soeurs-de-stgildas-nantes.cef.fr\/index.php?rest_route=\/wp\/v2\/pages"}],"about":[{"href":"https:\/\/soeurs-de-stgildas-nantes.cef.fr\/index.php?rest_route=\/wp\/v2\/types\/page"}],"author":[{"embeddable":true,"href":"https:\/\/soeurs-de-stgildas-nantes.cef.fr\/index.php?rest_route=\/wp\/v2\/users\/3"}],"replies":[{"embeddable":true,"href":"https:\/\/soeurs-de-stgildas-nantes.cef.fr\/index.php?rest_route=%2Fwp%2Fv2%2Fcomments&post=5156"}],"version-history":[{"count":11,"href":"https:\/\/soeurs-de-stgildas-nantes.cef.fr\/index.php?rest_route=\/wp\/v2\/pages\/5156\/revisions"}],"predecessor-version":[{"id":5171,"href":"https:\/\/soeurs-de-stgildas-nantes.cef.fr\/index.php?rest_route=\/wp\/v2\/pages\/5156\/revisions\/5171"}],"up":[{"embeddable":true,"href":"https:\/\/soeurs-de-stgildas-nantes.cef.fr\/index.php?rest_route=\/wp\/v2\/pages\/151"}],"wp:attachment":[{"href":"https:\/\/soeurs-de-stgildas-nantes.cef.fr\/index.php?rest_route=%2Fwp%2Fv2%2Fmedia&parent=5156"}],"curies":[{"name":"wp","href":"https:\/\/api.w.org\/{rel}","templated":true}]}}