{"id":450,"date":"2011-01-24T15:19:01","date_gmt":"2011-01-24T15:19:01","guid":{"rendered":"http:\/\/soeurs-de-stgildas-nantes.cef.fr\/?page_id=450"},"modified":"2013-09-17T12:46:45","modified_gmt":"2013-09-17T12:46:45","slug":"les-soeurs-de%c2%a0saint-gildas%c2%a0a-reo","status":"publish","type":"page","link":"https:\/\/soeurs-de-stgildas-nantes.cef.fr\/?page_id=450","title":{"rendered":"Les s\u0153urs de\u00a0Saint-Gildas\u00a0\u00e0 R\u00e9o"},"content":{"rendered":"<div class=\"mceTemp\">En 1955, Mgr Bretault passe \u00e0 la Maison-M\u00e8re \u00e0\u00a0St-Gildas et demande des S\u0153urs pour la Haute-Volta.<\/div>\n<p><a href=\"http:\/\/soeurs-de-stgildas-nantes.cef.fr\/wp-content\/uploads\/2011\/01\/aofondation1.jpg\"><img loading=\"lazy\" decoding=\"async\" class=\"alignleft size-thumbnail wp-image-451\" title=\"aofondation\" src=\"http:\/\/soeurs-de-stgildas-nantes.cef.fr\/wp-content\/uploads\/2011\/01\/aofondation1-150x137.jpg\" alt=\"\" width=\"150\" height=\"137\" \/><\/a>D\u00e8s la mi-Mars1958, la congr\u00e9gation est inform\u00e9e qu\u2019une fondation se pr\u00e9pare en Afrique. Appel est fait aux volontaires\u00a0: 82 r\u00e9ponses\u00a0! Les trois \u00e9lues\u00a0: Soeur\u00a0Imelda, Soeur\u00a0Sabine et Soeur St Antoine arrivent \u00e0 R\u00e9o le 10 d\u00e9cembre 1958, accompagn\u00e9es par Soeur Saint L\u00e9on de J\u00e9sus, Assistante G\u00e9n\u00e9rale.<\/p>\n<p><strong>Voici un extrait de leur t\u00e9moignage\u00a0:<\/strong><\/p>\n<p>\u00ab\u00a0<em>Accueil chaleureux sur la colline par de nombreux chr\u00e9tiens. Nous n\u2019avons que le sourire comme r\u00e9ponse\u00a0!<br \/>\n<\/em><em>Durant 6 mois notre unique travail sera l\u2019apprentissage de la langue\u00a0: des cours et des visites dans les villages o\u00f9 nous balbutions en ly\u00e9l\u00e9. Nous affrontons l\u2019examen de langue devant Mgr Bretault.<br \/>\n<\/em><em>Demand\u00e9es pour l\u2019\u00e9cole primaire des filles, un matin d\u2019octobre 1959, nous voici devant 125 \u00e9l\u00e8ves pour deux classes. Ce bon temps avec les enfants sera trop court puisque les\u00a0\u00e9coles catholiques sont remises \u00e0 l\u2019\u00c9tat en 1969<\/em> \u00bb.<\/p>\n<div class=\"mceTemp\"><a href=\"http:\/\/soeurs-de-stgildas-nantes.cef.fr\/wp-content\/uploads\/2011\/01\/aoreomaison.jpg\"><img loading=\"lazy\" decoding=\"async\" class=\"alignleft size-thumbnail wp-image-452\" title=\"aoreomaison\" src=\"http:\/\/soeurs-de-stgildas-nantes.cef.fr\/wp-content\/uploads\/2011\/01\/aoreomaison-150x150.jpg\" alt=\"\" width=\"150\" height=\"150\" \/><\/a>Le centre m\u00e9nager familial qui vise l\u2019\u00e9ducation des femmes de demain cro\u00eet rapidement en s\u2019adaptant aux besoins qui \u00e9voluent.<\/div>\n<p><strong>Aujourd\u2019hui <\/strong>nous poursuivons la mission de celles qui nous ont pr\u00e9c\u00e9d\u00e9es en essayant de vivre ensemble dans la simplicit\u00e9 et la proximit\u00e9, notre charisme d\u2019\u00e9ducation\u00a0:<\/p>\n<div class=\"mceTemp\">\n<dl id=\"attachment_453\" class=\"wp-caption alignright\" style=\"width: 160px;\">\n<dd class=\"wp-caption-dd\">\n<\/dd>\n<\/dl>\n<\/div>\n<p>Au Centre Social : les s\u0153urs et les monitrices travaillent \u00e0 la formation des jeunes filles pour qu\u2019elles deviennent des femmes responsables et inventives dans leur famille et leur entourage.<\/p>\n<p>Depuis quelques ann\u00e9es l\u2019Eglise reprend les \u00e9coles primaires. C&rsquo;est \u00e0 celle de la paroisse de R\u00e9o que Soeur Marie-Bernadette poursuit l\u2019\u00e9ducation des enfants en les pr\u00e9parant \u00e0 \u00eatre des citoyens responsables.<\/p>\n<p>La PMI s\u2019est ouverte en 1973. Le travail se faisait d\u00e9j\u00e0 dans les villages. Aujourd\u2019hui, dans le souci d\u2019amener les populations \u00e0 une prise en main de leur propre sant\u00e9, l\u2019intervention du<strong> Centre SMI-CREN<\/strong> (Centre de r\u00e9cup\u00e9ration et d\u2019\u00e9ducation nutritionnelle) repose sur une approche participative de la famille. On y accueille les enfants en bonne sant\u00e9 pour le suivi de leur croissance et les enfants malnutris pour les aider \u00e0 retrouver la sant\u00e9.<\/p>\n<p>A travers nos activit\u00e9s professionnelles, nos engagements pr\u00e8s des groupes d\u2019enfants, de jeunes, d\u2019adultes, nous sommes partie prenante de la <strong><em>pastorale<\/em><\/strong>.<\/p>\n<div class=\"mceTemp\">Nous sommes heureuses de vivre notre mission de charit\u00e9, de compassion (veuves, cas sociaux) dans un peuple qui a besoin de t\u00e9moins pour grandir dans sa foi.<\/div>\n<p style=\"text-align: center;\">Merci de prier avec\u00a0nous<\/p>\n<table style=\"width: 100%;\" border=\"0\" cellspacing=\"3\" cellpadding=\"3\">\n<tbody>\n<tr>\n<td style=\"width: 33%;\" align=\"left\" valign=\"top\"><strong>Louange au Seigneur <\/strong>qui donne force, courage, esp\u00e9rance.<\/td>\n<td style=\"width: 33%;\" align=\"left\" valign=\"top\"><strong>Action de gr\u00e2ce. <\/strong>En moins de cent ans d&rsquo;\u00e9vang\u00e9lisation, 90 vocations sacerdotales et religieuses sont n\u00e9es. Merci au Dieu fid\u00e8le d&rsquo;assurer la fid\u00e9lit\u00e9 de ses appel\u00e9s.<\/td>\n<td style=\"width: 33%;\" align=\"left\" valign=\"top\"><strong>Implorons <\/strong>pour les chr\u00e9tiens de la paroisse de R\u00e9o : qu&rsquo;ils d\u00e9veloppent leur foi par la pri\u00e8re et l&rsquo;\u00e9coute de la Parole de Dieu; qu&rsquo;ils t\u00e9moignent de leur foi dans la vie de tous les jours et s&rsquo;engagent dans l&rsquo;Eglise-Famille.<\/td>\n<\/tr>\n<\/tbody>\n<\/table>\n","protected":false},"excerpt":{"rendered":"<p>En 1955, Mgr Bretault passe \u00e0 la Maison-M\u00e8re \u00e0\u00a0St-Gildas et demande des S\u0153urs pour la Haute-Volta. D\u00e8s la mi-Mars1958, la congr\u00e9gation est inform\u00e9e qu\u2019une fondation se pr\u00e9pare en Afrique. Appel est fait aux volontaires\u00a0: 82 r\u00e9ponses\u00a0! Les trois \u00e9lues\u00a0: Soeur\u00a0Imelda, Soeur\u00a0Sabine et Soeur St Antoine arrivent \u00e0 R\u00e9o le 10 d\u00e9cembre 1958, accompagn\u00e9es par Soeur [&hellip;]<\/p>\n","protected":false},"author":6,"featured_media":0,"parent":63,"menu_order":1,"comment_status":"closed","ping_status":"closed","template":"","meta":{"ngg_post_thumbnail":0,"footnotes":""},"class_list":["post-450","page","type-page","status-publish","hentry"],"_links":{"self":[{"href":"https:\/\/soeurs-de-stgildas-nantes.cef.fr\/index.php?rest_route=\/wp\/v2\/pages\/450","targetHints":{"allow":["GET"]}}],"collection":[{"href":"https:\/\/soeurs-de-stgildas-nantes.cef.fr\/index.php?rest_route=\/wp\/v2\/pages"}],"about":[{"href":"https:\/\/soeurs-de-stgildas-nantes.cef.fr\/index.php?rest_route=\/wp\/v2\/types\/page"}],"author":[{"embeddable":true,"href":"https:\/\/soeurs-de-stgildas-nantes.cef.fr\/index.php?rest_route=\/wp\/v2\/users\/6"}],"replies":[{"embeddable":true,"href":"https:\/\/soeurs-de-stgildas-nantes.cef.fr\/index.php?rest_route=%2Fwp%2Fv2%2Fcomments&post=450"}],"version-history":[{"count":8,"href":"https:\/\/soeurs-de-stgildas-nantes.cef.fr\/index.php?rest_route=\/wp\/v2\/pages\/450\/revisions"}],"predecessor-version":[{"id":455,"href":"https:\/\/soeurs-de-stgildas-nantes.cef.fr\/index.php?rest_route=\/wp\/v2\/pages\/450\/revisions\/455"}],"up":[{"embeddable":true,"href":"https:\/\/soeurs-de-stgildas-nantes.cef.fr\/index.php?rest_route=\/wp\/v2\/pages\/63"}],"wp:attachment":[{"href":"https:\/\/soeurs-de-stgildas-nantes.cef.fr\/index.php?rest_route=%2Fwp%2Fv2%2Fmedia&parent=450"}],"curies":[{"name":"wp","href":"https:\/\/api.w.org\/{rel}","templated":true}]}}