{"id":4368,"date":"2012-10-13T17:53:21","date_gmt":"2012-10-13T17:53:21","guid":{"rendered":"http:\/\/soeurs-de-stgildas-nantes.cef.fr\/?page_id=4368"},"modified":"2013-09-13T13:34:03","modified_gmt":"2013-09-13T13:34:03","slug":"les-conferences-de-jean-claude-lavigne","status":"publish","type":"page","link":"https:\/\/soeurs-de-stgildas-nantes.cef.fr\/?page_id=4368","title":{"rendered":"Les conf\u00e9rences de Jean-Claude Lavigne."},"content":{"rendered":"<h6><span style=\"color: #0000ff;\">Les conf\u00e9rences de Jean-Claude Lavigne \u00e9taient organis\u00e9es conjointement par l&rsquo;Espace Tib\u00e9riade de F\u00e9gr\u00e9ac et l&rsquo;Espace Notre Dame de St Gildas des Bois. Vous trouverez ci-dessous quelques floril\u00e8ges des prises de paroles du conf\u00e9rencier. <\/span><\/h6>\n<h2><span style=\"color: #ff6600;\">Oser un nouveau d\u00e9veloppement.<\/span><\/h2>\n<table style=\"width: 100%;\" border=\"0\" align=\"center\">\n<tbody>\n<tr>\n<td style=\"width: 80%;\" align=\"left\" valign=\"top\">\u00a0 <strong>\u00ab\u00a0Oser\u00a0\u00bb<\/strong> : c&rsquo;est presque une Bonne Nouvelle, car \u00ab\u00a0<span style=\"color: #0000ff;\">nous ne sommes pas seulement des victimes<\/span>\u00a0\u00bb dit Jean-Claude Lavigne. Et de situer, non pas le contexte de \u00ab\u00a0la\u00a0\u00bb crise mais <span style=\"color: #0000ff;\"><span style=\"color: #000000;\">d&rsquo;une \u00ab\u00a0<\/span>s\u00e9rie de crises\u00a0\u00bb <span style=\"color: #000000;\">embo\u00eet\u00e9es<\/span><\/span> : la finance, la dette, la crise de confiance dans un syst\u00eame \u00e9conomique et financier, le doute sur la capacit\u00e9 de l&rsquo;Europe, la crise de l&rsquo;environnement, celle du sens de l&rsquo;histoire et de la vie, etc &#8230; Or, \u00e0 la fois,\u00a0on vit la crise et le syst\u00eame semble suffisamment fort pour r\u00e9sister. Il faut en tenir compte pour avancer. Le nombre de gens mis sur la touche est cependant assez consid\u00e9rable : souffrances, exclusions \u00e9conomiques etc&#8230;\u00a0<\/td>\n<td style=\"width: 20%;\" align=\"center\" valign=\"middle\"><img loading=\"lazy\" decoding=\"async\" title=\"jcl\" src=\"http:\/\/soeurs-de-stgildas-nantes.cef.fr\/wp-content\/uploads\/2012\/10\/jcl4-e1350136292839.jpg\" alt=\"\" width=\"200\" height=\"133\" \/><\/td>\n<\/tr>\n<tr>\n<td colspan=\"2\"><strong>\u00ab\u00a0Oser,<\/strong> <strong>au nom de quoi ?\u00a0\u00bb<\/strong> Il est capital d&rsquo;essayer de <span style=\"color: #0000ff;\">comprendre les motivations qui pourraient nous aider \u00e0 \u00eatre acteurs<\/span>.<br \/>\n&#8211; <span style=\"color: #0000ff;\">le \u00ab\u00a0ras-le-bol<\/span> des indign\u00e9s\u00a0\u00bb: Le mouvement n&rsquo;a pas de programme politique, C&rsquo;est d&rsquo;abord la souffrance. Y&rsquo;en a marre\u00a0\u00bb<br \/>\n&#8211; <span style=\"color: #0000ff;\">La peur<\/span>. On vit dans une soci\u00e9t\u00e9\u00a0avec toutes sortes de peurs. Mais peut-\u00eatre ne faut-il pas avoir peur de la peur. Elle fait partie des m\u00e9canismes qui peuvent contribuer \u00e0 rebondir.<br \/>\n&#8211; Des hommes et des femmes sensibles \u00e0 l&rsquo;humanit\u00e9, aux id\u00e9es de justice. Quand <span style=\"color: #0000ff;\">l&rsquo;humain<\/span> est <span style=\"color: #0000ff;\">affect\u00e9<\/span>, c&rsquo;est un facteur de changement.<br \/>\n&#8211; Des gens qui <span style=\"color: #0000ff;\">au nom de leur foi<\/span> disent : \u00ab\u00a0Ce n&rsquo;est plus possible\u00a0\u00bb quand nous sommes tous fils et filles d&rsquo;un m\u00eame Dieu appel\u00e9s \u00e0 vivre la fraternit\u00e9, quand les cr\u00e9atures et le Cr\u00e9ateur sont bafou\u00e9s.<br \/>\n&#8211;\u00a0<span style=\"color: #000000;\">l&rsquo;\u00c9glise<\/span> qui appelle \u00e0 lutter pour <span style=\"color: #0000ff;\">un autre ordre \u00e9conomique<\/span>.\u00a0L&rsquo;\u00e9ducation citoyenne, \u00e0 la responsabilit\u00e9, est en tout cela <span style=\"color: #0000ff;\">fondamentale<\/span>. Et chacun a d&rsquo;abord \u00e0 d\u00e9cider\u00a0en <span style=\"color: #0000ff;\">r\u00e9seaux<span style=\"color: #000000;\">.<\/span><\/span>\u00a0<br \/>\n\u00a0<\/td>\n<\/tr>\n<tr>\n<td colspan=\"2\"><strong>\u00ab\u00a0Oser quoi ?\u00a0\u00bb<br \/>\n<\/strong>&#8211; Mettre la <span style=\"color: #0000ff;\">priorit\u00e9 sur la dignit\u00e9 de la personne humaine<\/span>.. Contester la marchandisation de l&rsquo;humain; parler des droits et des devoirs humains<br \/>\n&#8211; La prise au s\u00e9rieux de <span style=\"color: #0000ff;\">la plan\u00e8te Terre<\/span> : c&rsquo;est la survie qui est en jeu.<br \/>\n&#8211; Le respect du <span style=\"color: #0000ff;\">bien commun universel<\/span> : le souci de penser l&rsquo;avenir de tous; des zones ne sont pas \u00e0 livrer \u00e0 la comp\u00e9tition priv\u00e9e &#8230;<br \/>\n\u00a0<\/td>\n<\/tr>\n<tr>\n<td colspan=\"2\"><span style=\"color: #000000;\"><strong>Convictions et enjeux\u00a0pour la soci\u00e9t\u00e9 <\/strong><\/span>:<br \/>\nArr\u00eater d&rsquo;isoler l&rsquo;\u00e9conomie, elle n&rsquo;est qu&rsquo;un aspect du champ du social<br \/>\nR\u00e9duire les in\u00e9galit\u00e9s<br \/>\nRefonder une nouvelle r\u00e9gulation financi\u00e8re internationale<br \/>\nRefaire une Europe forte et solidaire<br \/>\n<strong>\u00a0\u00a0\u00a0\u00a0\u00a0\u00a0\u00a0\u00a0\u00a0\u00a0\u00a0\u00a0\u00a0\u00a0\u00a0\u00a0\u00a0\u00a0\u00a0\u00a0\u00a0\u00a0\u00a0\u00a0\u00a0\u00a0\u00a0\u00a0\u00a0\u00a0\u00a0\u00a0\u00a0\u00a0\u00a0\u00a0\u00a0\u00a0\u00a0\u00a0\u00a0\u00a0et <span style=\"color: #000000;\">pour soi<\/span><\/strong> :<br \/>\nl&rsquo;explicitation \u00e9thique de nos d\u00e9cisions<br \/>\nl&rsquo;\u00e9ducation aux valeurs \u00e9vang\u00e9liques<br \/>\nle choix de notre mode de vie.<\/td>\n<\/tr>\n<\/tbody>\n<\/table>\n<h2><span style=\"color: #ff6600;\">Oser un nouveau visage d&rsquo;\u00c9glise <\/span><\/h2>\n<div class=\"mceTemp mceIEcenter\">\n<table style=\"width: 100%;\" border=\"0\" align=\"center\">\n<tbody>\n<tr align=\"center\" valign=\"middle\">\n<td style=\"width: 30%;\" valign=\"middle\">\n<div id=\"attachment_4382\" style=\"width: 310px\" class=\"wp-caption aligncenter\"><a href=\"http:\/\/soeurs-de-stgildas-nantes.cef.fr\/wp-content\/uploads\/2012\/10\/salle1.jpg\"><img loading=\"lazy\" decoding=\"async\" aria-describedby=\"caption-attachment-4382\" class=\"size-full wp-image-4382\" title=\"salle\" src=\"http:\/\/soeurs-de-stgildas-nantes.cef.fr\/wp-content\/uploads\/2012\/10\/salle1.jpg\" alt=\"\" width=\"300\" height=\"200\" \/><\/a><p id=\"caption-attachment-4382\" class=\"wp-caption-text\">clich\u00e9 Vincent Gautier <\/p><\/div>\n<p>\u00a0<\/td>\n<td style=\"width: 70%;\" align=\"center\" valign=\"top\">\u00a0Le visage actuel ne serait-il donc plus pertinent ?\u00a0Il n&rsquo;y a pas qu&rsquo;un visage d&rsquo;\u00c9glise et il faut se r\u00e9jouir de la pluralit\u00e9.\u00a0<br \/>\nPour que la diversit\u00e9 soit une valeur, il faut le dialogue.\u00a0\u00a0Chacun de nous est responsable du visage d&rsquo;\u00c9glise qu&rsquo;il donne.\u00a0\u00a0Un visage est fait pour \u00eatre vu.\u00a0\u00a0\u00a0<\/p>\n<p>Avec J\u00e9sus, il nous est donn\u00e9 de voir le visage de Dieu; le voile du Temple s&rsquo;est d\u00e9chir\u00e9.\u00a0\u00a0\u00a0<\/p>\n<p>\u00a0Accepter d&rsquo;\u00eatre vus, c&rsquo;est d\u00e9voiler aussi nos fragilit\u00e9s.\u00a0\u00a0\u00a0<\/td>\n<\/tr>\n<tr>\n<td colspan=\"2\">\n<p style=\"text-align: left;\"><strong>\u00ab\u00a0\u00catre vus\u00a0\u00bb<br \/>\n<\/strong>Cela suppose d&rsquo;avoir un langage compr\u00e9hensible. Si on joue <span style=\"color: #0000ff;\">l&rsquo;arr\u00eat du secret<\/span>, on sera interpell\u00e9 par la modernit\u00e9. Dialoguer fait peur. Notre Dieu se d\u00e9voile avec toutes les questions qui se posent. Si on accepte d&rsquo;\u00eatre vus, on met \u00e0 nu nos fragilit\u00e9s. Or, <span style=\"color: #0000ff;\">la fragilit\u00e9 est une vraie valeur<\/span>. Accepter des doutes, c&rsquo;est \u00eatre missionnaire plus qu&rsquo;on ne croit. La fragilit\u00e9 nous \u00e9vitera la langue de bois.<br \/>\nEn m\u00eame temps, arr\u00eater d&rsquo;avoir la nostalgie de la puissance,\u00a0du nombre. Ne pas confondre le\u00a0nombre avec le chemin parcouru.<span style=\"color: #0000ff;\"><span style=\"color: #000000;\">\u00ab\u00a0<\/span>Dieu est puissamment faible\u00a0\u00bb<\/span>.\u00a0\u00a0<\/p>\n<p style=\"text-align: left;\">L&rsquo;\u00c9glise est faible, mais sa fragilit\u00e9 peut lui permettre d&rsquo;entendre les souffrances, les peines du monde. \u00ab\u00a0C&rsquo;est parce que je suis faible que je suis fort\u00a0\u00bb.<br \/>\n<span style=\"color: #0000ff;\">L&rsquo;\u00c9glise <span style=\"color: #000000;\">est le <\/span>lieu du d\u00e9passement<\/span> de la fermeture sur soi; un lieu d&rsquo;innovation, de solidarit\u00e9, de territorialisation, d&rsquo;inter-connaissance.\u00a0\u00a0<\/p>\n<p style=\"text-align: left;\"><strong>\u00ab\u00a0Voir\u00a0\u00bb<br \/>\n<\/strong>Dans l&rsquo;histoire du pauvre Lazare, <span style=\"color: #0000ff;\"><span style=\"color: #000000;\">le riche<\/span> ne voyait pas<\/span> le pauvre. Le Samaritain, lui a \u00e9t\u00e9 <span style=\"color: #0000ff;\">\u00e9mu<\/span>.<br \/>\nMais il faut aller plus loin que l&rsquo;\u00e9motion, il faut <span style=\"color: #0000ff;\">aller dans l&rsquo;analyse<\/span>. Accepter d&rsquo;\u00eatre en compassion, mais analyser les causes. Il y a un d\u00e9fi d&rsquo;analyse.<br \/>\nJ\u00e9sus n&rsquo;a pas \u00e9t\u00e9 un\u00a0gourou moral. Le christianisme est une exp\u00e9rience spirituelle. la relation amoureuse de Dieu\u00a0doit \u00eatre l&rsquo;origine de nos comportements \u00e9thiques.\u00a0On reste sur le christianime eurocentr\u00e9 ou francocentr\u00e9. Il faut sortir de l\u00e0; <span style=\"color: #0000ff;\">voir plus loin que sa propre culture<\/span>, sortir des enfermements culturels.\u00a0\u00a0Notre \u00c9glise ne peut \u00eatre qu&rsquo;universelle.\u00a0\u00a0\u00a0<\/p>\n<p><strong>\u00ab\u00a0Donner \u00e0 voir\u00a0\u00bb<br \/>\n<\/strong><span style=\"color: #0000ff;\">Accepter la communication<\/span>, avec un vocabulaire qui permette de donner \u00e0 voir vraiment ce qui habite le coeur de l&rsquo;\u00c9glise. Il faut <span style=\"color: #0000ff;\">parler<\/span>, c&rsquo;est un d\u00e9fi important.<br \/>\n<span style=\"color: #0000ff;\">Contempler<\/span>, c&rsquo;est \u00e0 dire recevoir quelque chose de Dieu; alors, notre rapport au monde n&rsquo;est plus le m\u00eame. La contemplation <span style=\"color: #0000ff;\">n&rsquo;est pas r\u00e9serv\u00e9e \u00e0 une \u00e9lite<\/span>; c&rsquo;est la matrice de l&rsquo;action, c&rsquo;est \u00eatre heureux. Un nouveau visage d&rsquo;\u00c9glise passe par le bonheur.<br \/>\n<span style=\"color: #0000ff;\">Trouver des mots pour dire Dieu<\/span>. Il faut les travailler. Tenir la parole et la pudeur partag\u00e9es. C&rsquo;est un d\u00e9fi de l&rsquo;Eglise du XXI\u00e8me si\u00e8cle.<br \/>\nL&rsquo;\u00c9glise est toujours le lieu o\u00f9 <span style=\"color: #0000ff;\">personnel et collectif<\/span> s&rsquo;enrichissent.<br \/>\nOn ne peut pas faire l&rsquo;\u00e9conomie de <span style=\"color: #0000ff;\">la Croix<\/span>.<br \/>\nRelire l&rsquo;encyclique \u00ab\u00a0ECCLESIAM SUAM\u00a0\u00bb.\u00a0\u00a0\u00a0<\/td>\n<\/tr>\n<\/tbody>\n<\/table>\n<\/div>\n","protected":false},"excerpt":{"rendered":"<p>Les conf\u00e9rences de Jean-Claude Lavigne \u00e9taient organis\u00e9es conjointement par l&rsquo;Espace Tib\u00e9riade de F\u00e9gr\u00e9ac et l&rsquo;Espace Notre Dame de St Gildas des Bois. Vous trouverez ci-dessous quelques floril\u00e8ges des prises de paroles du conf\u00e9rencier. Oser un nouveau d\u00e9veloppement. \u00a0 \u00ab\u00a0Oser\u00a0\u00bb : c&rsquo;est presque une Bonne Nouvelle, car \u00ab\u00a0nous ne sommes pas seulement des victimes\u00a0\u00bb dit Jean-Claude [&hellip;]<\/p>\n","protected":false},"author":3,"featured_media":0,"parent":136,"menu_order":2,"comment_status":"closed","ping_status":"closed","template":"","meta":{"ngg_post_thumbnail":0,"footnotes":""},"class_list":["post-4368","page","type-page","status-publish","hentry"],"_links":{"self":[{"href":"https:\/\/soeurs-de-stgildas-nantes.cef.fr\/index.php?rest_route=\/wp\/v2\/pages\/4368","targetHints":{"allow":["GET"]}}],"collection":[{"href":"https:\/\/soeurs-de-stgildas-nantes.cef.fr\/index.php?rest_route=\/wp\/v2\/pages"}],"about":[{"href":"https:\/\/soeurs-de-stgildas-nantes.cef.fr\/index.php?rest_route=\/wp\/v2\/types\/page"}],"author":[{"embeddable":true,"href":"https:\/\/soeurs-de-stgildas-nantes.cef.fr\/index.php?rest_route=\/wp\/v2\/users\/3"}],"replies":[{"embeddable":true,"href":"https:\/\/soeurs-de-stgildas-nantes.cef.fr\/index.php?rest_route=%2Fwp%2Fv2%2Fcomments&post=4368"}],"version-history":[{"count":22,"href":"https:\/\/soeurs-de-stgildas-nantes.cef.fr\/index.php?rest_route=\/wp\/v2\/pages\/4368\/revisions"}],"predecessor-version":[{"id":4391,"href":"https:\/\/soeurs-de-stgildas-nantes.cef.fr\/index.php?rest_route=\/wp\/v2\/pages\/4368\/revisions\/4391"}],"up":[{"embeddable":true,"href":"https:\/\/soeurs-de-stgildas-nantes.cef.fr\/index.php?rest_route=\/wp\/v2\/pages\/136"}],"wp:attachment":[{"href":"https:\/\/soeurs-de-stgildas-nantes.cef.fr\/index.php?rest_route=%2Fwp%2Fv2%2Fmedia&parent=4368"}],"curies":[{"name":"wp","href":"https:\/\/api.w.org\/{rel}","templated":true}]}}