{"id":136,"date":"2011-01-18T10:57:42","date_gmt":"2011-01-18T10:57:42","guid":{"rendered":"http:\/\/soeurs-de-stgildas-nantes.cef.fr\/?page_id=136"},"modified":"2017-09-16T12:04:49","modified_gmt":"2017-09-16T12:04:49","slug":"espace-notre-dame","status":"publish","type":"page","link":"https:\/\/soeurs-de-stgildas-nantes.cef.fr\/?page_id=136","title":{"rendered":"Espace Notre Dame"},"content":{"rendered":"<p style=\"text-align: right;\"><a href=\"http:\/\/soeurs-de-stgildas-nantes.cef.fr\/wp-content\/uploads\/2011\/10\/Accueil-ND.jpg\"><img loading=\"lazy\" decoding=\"async\" class=\"size-medium wp-image-10809 aligncenter\" src=\"http:\/\/soeurs-de-stgildas-nantes.cef.fr\/wp-content\/uploads\/2011\/10\/Accueil-ND-300x212.jpg\" alt=\"\" width=\"300\" height=\"212\" srcset=\"https:\/\/soeurs-de-stgildas-nantes.cef.fr\/wp-content\/uploads\/2011\/10\/Accueil-ND-300x212.jpg 300w, https:\/\/soeurs-de-stgildas-nantes.cef.fr\/wp-content\/uploads\/2011\/10\/Accueil-ND-768x543.jpg 768w, https:\/\/soeurs-de-stgildas-nantes.cef.fr\/wp-content\/uploads\/2011\/10\/Accueil-ND.jpg 919w\" sizes=\"auto, (max-width: 300px) 100vw, 300px\" \/><\/a><\/p>\n<p style=\"text-align: right;\"><em>cliquer sur les photos pour agrandir<\/em><\/p>\n<p style=\"text-align: left;\"><a href=\"http:\/\/soeurs-de-stgildas-nantes.cef.fr\/wp-content\/uploads\/2011\/10\/Mardis-ND.jpg\"><img loading=\"lazy\" decoding=\"async\" class=\"size-medium wp-image-10808 aligncenter\" src=\"http:\/\/soeurs-de-stgildas-nantes.cef.fr\/wp-content\/uploads\/2011\/10\/Mardis-ND-300x210.jpg\" alt=\"\" width=\"300\" height=\"210\" srcset=\"https:\/\/soeurs-de-stgildas-nantes.cef.fr\/wp-content\/uploads\/2011\/10\/Mardis-ND-300x210.jpg 300w, https:\/\/soeurs-de-stgildas-nantes.cef.fr\/wp-content\/uploads\/2011\/10\/Mardis-ND-768x539.jpg 768w, https:\/\/soeurs-de-stgildas-nantes.cef.fr\/wp-content\/uploads\/2011\/10\/Mardis-ND.jpg 918w\" sizes=\"auto, (max-width: 300px) 100vw, 300px\" \/><\/a><\/p>\n<p style=\"text-align: left;\"><strong><span style=\"color: #003300;\">bulletin d&rsquo;inscription pour\u00a0les mardis de ressourcement<\/span><\/strong> <a title=\"Inscription \u00e0 un mardi de Ressourcement\" href=\"http:\/\/soeurs-de-stgildas-nantes.cef.fr\/?page_id=4297\"><em>cliquez ici<\/em><\/a><\/p>\n<p style=\"text-align: left;\"><strong><span style=\"color: #003300;\">bulletin d&rsquo;inscription pour le parcours gildasien<\/span><\/strong> <a title=\"Inscription Parcours gildasien\" href=\"http:\/\/soeurs-de-stgildas-nantes.cef.fr\/?page_id=3062\"><em>cliquez ici<\/em><\/a><\/p>\n<p style=\"text-align: left;\">\n<p style=\"text-align: left;\">\n<h2>\u00a0\u00a0\u00a0 <span style=\"color: #993300;\">FLORILEGES<\/span><\/h2>\n<p><span style=\"color: #993300;\"><span style=\"font-size: small;\"><strong>Parcours gildasien 2013-2014<br \/>\n<\/strong><\/span><\/span><span style=\"color: #993300;\"><span style=\"font-size: small;\"><span style=\"color: #000000;\"><span style=\"font-size: x-small;\"><span style=\"font-size: small;\">Construire le vivre-ensemble<\/span> <a href=\"http:\/\/soeurs-de-stgildas-nantes.cef.fr\/?page_id=6531\"><em>cliquez ici<\/em><\/a><\/span><\/span><\/span><\/span><\/p>\n<p><strong><span style=\"color: #993300;\">Parcours gildasien 2012-2013<\/span><\/strong> :<br \/>\nSobri\u00e9t\u00e9 et croissance: un d\u00e9fi pour notre avenir\u00a0 <em><a title=\"Le parcours gildasien 2012-2013\" href=\"http:\/\/soeurs-de-stgildas-nantes.cef.fr\/?page_id=5099\">cliquez ici<\/a><\/em><\/p>\n<div><strong><span style=\"color: #993300;\">Conf\u00e9rences de Jean-Claude Lavigne<\/span><\/strong> <em>Octobre 2012<\/em> <strong>:<br \/>\n<\/strong>Oser un nouveau d\u00e9veloppement; oser un nouveau visage d&rsquo;Eglise\u00a0 <a title=\"Les conf\u00e9rences de Jean-Claude Lavigne.\" href=\"http:\/\/soeurs-de-stgildas-nantes.cef.fr\/?page_id=4368\"><em>cliquez ici<\/em><\/a><\/div>\n<div><\/div>\n<div><strong><span style=\"color: #993300;\">Parcours Gildasien 2011-2012<\/span> :<br \/>\n<\/strong>Discerner les signes du temps, quand tout va trop vite &#8230; \u00a0la Bible,\u00a0livre de la m\u00e9moire\u00a0\u00a0<em><a title=\"Le parcours gildasien 2011-2012\" href=\"http:\/\/soeurs-de-stgildas-nantes.cef.fr\/?page_id=5839\">cliquez ici<\/a><\/em><\/div>\n","protected":false},"excerpt":{"rendered":"<p>cliquer sur les photos pour agrandir bulletin d&rsquo;inscription pour\u00a0les mardis de ressourcement cliquez ici bulletin d&rsquo;inscription pour le parcours gildasien cliquez ici \u00a0\u00a0\u00a0 FLORILEGES Parcours gildasien 2013-2014 Construire le vivre-ensemble cliquez ici Parcours gildasien 2012-2013 : Sobri\u00e9t\u00e9 et croissance: un d\u00e9fi pour notre avenir\u00a0 cliquez ici Conf\u00e9rences de Jean-Claude Lavigne Octobre 2012 : Oser un [&hellip;]<\/p>\n","protected":false},"author":6,"featured_media":0,"parent":130,"menu_order":3,"comment_status":"closed","ping_status":"closed","template":"","meta":{"ngg_post_thumbnail":0,"footnotes":""},"class_list":["post-136","page","type-page","status-publish","hentry"],"_links":{"self":[{"href":"https:\/\/soeurs-de-stgildas-nantes.cef.fr\/index.php?rest_route=\/wp\/v2\/pages\/136","targetHints":{"allow":["GET"]}}],"collection":[{"href":"https:\/\/soeurs-de-stgildas-nantes.cef.fr\/index.php?rest_route=\/wp\/v2\/pages"}],"about":[{"href":"https:\/\/soeurs-de-stgildas-nantes.cef.fr\/index.php?rest_route=\/wp\/v2\/types\/page"}],"author":[{"embeddable":true,"href":"https:\/\/soeurs-de-stgildas-nantes.cef.fr\/index.php?rest_route=\/wp\/v2\/users\/6"}],"replies":[{"embeddable":true,"href":"https:\/\/soeurs-de-stgildas-nantes.cef.fr\/index.php?rest_route=%2Fwp%2Fv2%2Fcomments&post=136"}],"version-history":[{"count":47,"href":"https:\/\/soeurs-de-stgildas-nantes.cef.fr\/index.php?rest_route=\/wp\/v2\/pages\/136\/revisions"}],"predecessor-version":[{"id":10819,"href":"https:\/\/soeurs-de-stgildas-nantes.cef.fr\/index.php?rest_route=\/wp\/v2\/pages\/136\/revisions\/10819"}],"up":[{"embeddable":true,"href":"https:\/\/soeurs-de-stgildas-nantes.cef.fr\/index.php?rest_route=\/wp\/v2\/pages\/130"}],"wp:attachment":[{"href":"https:\/\/soeurs-de-stgildas-nantes.cef.fr\/index.php?rest_route=%2Fwp%2Fv2%2Fmedia&parent=136"}],"curies":[{"name":"wp","href":"https:\/\/api.w.org\/{rel}","templated":true}]}}