{"id":134,"date":"2011-01-18T10:57:17","date_gmt":"2011-01-18T10:57:17","guid":{"rendered":"http:\/\/soeurs-de-stgildas-nantes.cef.fr\/?page_id=134"},"modified":"2020-04-29T16:16:33","modified_gmt":"2020-04-29T16:16:33","slug":"maison-michelle-guillaume","status":"publish","type":"page","link":"https:\/\/soeurs-de-stgildas-nantes.cef.fr\/?page_id=134","title":{"rendered":"Maison Michelle Guillaume (1)"},"content":{"rendered":"<ul>\n<li><a href=\"http:\/\/soeurs-de-stgildas-nantes.cef.fr\/?page_id=13244\">Brin de Causette en p\u00e9riode de confinement<\/a><\/li>\n<li>vid\u00e9o :\u00a0<a href=\"https:\/\/www.youtube.com\/watch?v=OQWSrwnrNpI\">https:\/\/www.youtube.com\/watch?v=OQWSrwnrNpI<\/a><\/li>\n<li><a title=\"Brin de Causette\" href=\"http:\/\/soeurs-de-stgildas-nantes.cef.fr\/?page_id=9731\">\u00a0No\u00ebl 2017<\/a><\/li>\n<li><a title=\"En Congr\u00e9gation \u00e0 Maison Michelle Guillaume\" href=\"http:\/\/soeurs-de-stgildas-nantes.cef.fr\/?page_id=10523\">En congr\u00e9gation \u00e0 MMG<\/a><\/li>\n<li><a title=\"Expositions et visites en 2017\" href=\"http:\/\/soeurs-de-stgildas-nantes.cef.fr\/?page_id=10436\">Animations et visites 2017<\/a><\/li>\n<li>Remise de <a title=\"30 ans de service : m\u00e9daille bien m\u00e9rit\u00e9e !\" href=\"http:\/\/soeurs-de-stgildas-nantes.cef.fr\/?page_id=4832\">m\u00e9dailles de vermeil<\/a><\/li>\n<li><a title=\"MMG les animations\" href=\"http:\/\/soeurs-de-stgildas-nantes.cef.fr\/?page_id=4653\">Des animations<\/a><\/li>\n<li><a title=\"Photos d\u2019animations\" href=\"http:\/\/soeurs-de-stgildas-nantes.cef.fr\/?page_id=3952\">Photos d&rsquo; animations<\/a> vari\u00e9es<\/li>\n<li>De toutes les couleurs et <a title=\"De toutes les couleurs et pour tous les go\u00fbts\" href=\"http:\/\/soeurs-de-stgildas-nantes.cef.fr\/?page_id=3577\">pour tous les go\u00fbts<\/a><\/li>\n<li><a title=\"Grande f\u00eate : Personnel et R\u00e9sident(e)s\" href=\"http:\/\/soeurs-de-stgildas-nantes.cef.fr\/?page_id=3458\">Grande f\u00eate : personnel et r\u00e9sident(e)s<\/a><\/li>\n<\/ul>\n<div style=\"text-align: center;\"><\/div>\n<div><\/div>\n<div style=\"text-align: center;\"><\/div>\n<div style=\"text-align: center;\">\n<div style=\"margin: 8px 0px 4px;\"><a href=\"https:\/\/www.calameo.com\/books\/002529238877d33af0189\" target=\"_blank\" rel=\"noopener noreferrer\">Livret D Accueil 2019<\/a><\/div>\n<p><iframe loading=\"lazy\" style=\"margin: 0 auto;\" src=\"\/\/v.calameo.com\/?bkcode=002529238877d33af0189&amp;mode=mini&amp;view=book&amp;clickto=view&amp;clicktarget=_self\" width=\"480\" height=\"300\" frameborder=\"0\" scrolling=\"no\" allowfullscreen=\"allowfullscreen\"><\/iframe><\/p>\n<div style=\"margin: 4px 0px 8px;\"><\/div>\n<\/div>\n<div style=\"text-align: center;\">\n<div style=\"margin: 8px 0px 4px;\"><a href=\"https:\/\/www.calameo.com\/books\/002529238b7bdfe320e73\" target=\"_blank\" rel=\"noopener noreferrer\">Rencontre Jeunes Et A\u00een\u00e9es<\/a><\/div>\n<p><iframe loading=\"lazy\" style=\"margin: 0 auto;\" src=\"\/\/v.calameo.com\/?bkcode=002529238b7bdfe320e73&amp;mode=mini\" width=\"480\" height=\"300\" frameborder=\"0\" scrolling=\"no\" allowfullscreen=\"allowfullscreen\"><\/iframe><\/p>\n<div style=\"margin: 4px 0px 8px;\"><\/div>\n<\/div>\n<div style=\"text-align: center;\">\n<div style=\"margin: 4px 0px 8px;\">\n<div style=\"text-align: center;\">\n<div style=\"margin: 8px 0px 4px;\"><a href=\"http:\/\/www.calameo.com\/books\/002529238aca63430710d\" target=\"_blank\" rel=\"noopener noreferrer\"> Octobre 2017<\/a><\/div>\n<p><iframe loading=\"lazy\" style=\"margin: 0 auto;\" src=\"\/\/v.calameo.com\/?bkcode=002529238aca63430710d&amp;mode=mini\" width=\"480\" height=\"300\" frameborder=\"0\" scrolling=\"no\" allowfullscreen=\"allowfullscreen\"><\/iframe><\/p>\n<\/div>\n<div style=\"text-align: center;\"><\/div>\n<\/div>\n<div style=\"text-align: center;\">\n<div style=\"margin: 8px 0px 4px;\"><\/div>\n<div style=\"margin: 4px 0px 8px;\"><\/div>\n<\/div>\n<\/div>\n","protected":false},"excerpt":{"rendered":"<p>Brin de Causette en p\u00e9riode de confinement vid\u00e9o :\u00a0https:\/\/www.youtube.com\/watch?v=OQWSrwnrNpI \u00a0No\u00ebl 2017 En congr\u00e9gation \u00e0 MMG Animations et visites 2017 Remise de m\u00e9dailles de vermeil Des animations Photos d&rsquo; animations vari\u00e9es De toutes les couleurs et pour tous les go\u00fbts Grande f\u00eate : personnel et r\u00e9sident(e)s Livret D Accueil 2019 Rencontre Jeunes Et A\u00een\u00e9es Octobre 2017<\/p>\n","protected":false},"author":6,"featured_media":0,"parent":130,"menu_order":0,"comment_status":"closed","ping_status":"closed","template":"","meta":{"ngg_post_thumbnail":0,"footnotes":""},"class_list":["post-134","page","type-page","status-publish","hentry"],"_links":{"self":[{"href":"https:\/\/soeurs-de-stgildas-nantes.cef.fr\/index.php?rest_route=\/wp\/v2\/pages\/134","targetHints":{"allow":["GET"]}}],"collection":[{"href":"https:\/\/soeurs-de-stgildas-nantes.cef.fr\/index.php?rest_route=\/wp\/v2\/pages"}],"about":[{"href":"https:\/\/soeurs-de-stgildas-nantes.cef.fr\/index.php?rest_route=\/wp\/v2\/types\/page"}],"author":[{"embeddable":true,"href":"https:\/\/soeurs-de-stgildas-nantes.cef.fr\/index.php?rest_route=\/wp\/v2\/users\/6"}],"replies":[{"embeddable":true,"href":"https:\/\/soeurs-de-stgildas-nantes.cef.fr\/index.php?rest_route=%2Fwp%2Fv2%2Fcomments&post=134"}],"version-history":[{"count":86,"href":"https:\/\/soeurs-de-stgildas-nantes.cef.fr\/index.php?rest_route=\/wp\/v2\/pages\/134\/revisions"}],"predecessor-version":[{"id":13253,"href":"https:\/\/soeurs-de-stgildas-nantes.cef.fr\/index.php?rest_route=\/wp\/v2\/pages\/134\/revisions\/13253"}],"up":[{"embeddable":true,"href":"https:\/\/soeurs-de-stgildas-nantes.cef.fr\/index.php?rest_route=\/wp\/v2\/pages\/130"}],"wp:attachment":[{"href":"https:\/\/soeurs-de-stgildas-nantes.cef.fr\/index.php?rest_route=%2Fwp%2Fv2%2Fmedia&parent=134"}],"curies":[{"name":"wp","href":"https:\/\/api.w.org\/{rel}","templated":true}]}}