{"id":1196,"date":"2011-03-10T10:13:24","date_gmt":"2011-03-10T10:13:24","guid":{"rendered":"http:\/\/soeurs-de-stgildas-nantes.cef.fr\/?page_id=1196"},"modified":"2011-05-10T07:46:04","modified_gmt":"2011-05-10T07:46:04","slug":"memoire-de-fondation-en-afrique","status":"publish","type":"page","link":"https:\/\/soeurs-de-stgildas-nantes.cef.fr\/?page_id=1196","title":{"rendered":"M\u00e9moire de fondation en Afrique"},"content":{"rendered":"<h3 style=\"text-align: center;\">1958-2008 &#8211; 50 ans de pr\u00e9sence en Afrique de l&rsquo;Ouest<\/h3>\n<h3 style=\"text-align: center;\">Un peu d&rsquo;histoire :<\/h3>\n<h3 style=\"text-align: center;\">\u00a01958,\u00a0\u00a0Les soeurs de Saint-Gildas en Haute Volta<\/h3>\n<h3 style=\"text-align: center;\">appel\u00e9 Burkina Faso depuis 1984<\/h3>\n<table style=\"width: 100%;\" border=\"0\" cellspacing=\"3\" cellpadding=\"3\">\n<tbody>\n<tr>\n<td style=\"width: 30%;\" align=\"left\" valign=\"top\">\n<h4>Premi\u00e8re fondation<\/h4>\n<div id=\"attachment_442\" style=\"width: 160px\" class=\"wp-caption alignnone\"><a href=\"http:\/\/soeurs-de-stgildas-nantes.cef.fr\/wp-content\/uploads\/2011\/01\/aofondation.jpg\"><img loading=\"lazy\" decoding=\"async\" aria-describedby=\"caption-attachment-442\" class=\"size-thumbnail wp-image-442\" title=\"aofondation\" src=\"http:\/\/soeurs-de-stgildas-nantes.cef.fr\/wp-content\/uploads\/2011\/01\/aofondation-150x137.jpg\" alt=\"\" width=\"150\" height=\"137\" \/><\/a><p id=\"caption-attachment-442\" class=\"wp-caption-text\">de gauche \u00e0 droite : s\u0153ur Imelda, s\u0153ur St L\u00e9on de J\u00e9sus, assistante g\u00e9n\u00e9rale, s\u0153ur Sabine, s\u0153ur St Antoine.<\/p><\/div>\n<p><div id=\"attachment_443\" style=\"width: 160px\" class=\"wp-caption alignnone\"><a href=\"http:\/\/soeurs-de-stgildas-nantes.cef.fr\/wp-content\/uploads\/2011\/01\/aobretault.jpg\"><img loading=\"lazy\" decoding=\"async\" aria-describedby=\"caption-attachment-443\" class=\"size-thumbnail wp-image-443\" title=\"aobretault\" src=\"http:\/\/soeurs-de-stgildas-nantes.cef.fr\/wp-content\/uploads\/2011\/01\/aobretault-150x150.jpg\" alt=\"\" width=\"150\" height=\"150\" \/><\/a><p id=\"caption-attachment-443\" class=\"wp-caption-text\">Monseigneur BRETAULT accueille les fondatrices<\/p><\/div><\/td>\n<td style=\"width: 70%;\" align=\"left\" valign=\"top\">En avril 1957, l&rsquo;encyclique du Pape Pie XII \u00ab\u00a0Fidei Donum\u00a0\u00bb lan\u00e7ait un appel \u00e0 toute l&rsquo;Eglise : une t\u00e2che missionnaire immense restait \u00e0 accomplir. \u00ab\u00a0<em>Vu la gravit\u00e9 et l&rsquo;urgence des probl\u00e8mes auxquels l&rsquo;action missionnaire doit faire face, celle-ci est plus que jamais une affaire de toute l&rsquo;Eglise<\/em>\u00ab\u00a0.Cet appel est entendu par la Congr\u00e9gation des soeurs de Saint-Gildas.\u00a0Les relations avec Monseigneur BRETAULT, natif de la r\u00e9gion nantaise et alors \u00e9v\u00eaque de Koudougou, vont favoriser la Haute Volta. Il \u00e9crit : \u00ab\u00a0<em>Nous avons grand besoin d&rsquo;institutrices pour d\u00e9velopper l&rsquo;instruction et l&rsquo;\u00e9ducation des filles de Haute-Volta si pauvre en \u00e9coles<\/em>\u00ab\u00a0. La Sup\u00e9rieure G\u00e9n\u00e9rale, M\u00e8re St Michel des Anges, dans un courrier aux soeurs, et dans le style de l&rsquo;\u00e9poque, exprime clairement comment ce projet de fondation en Afrique serait bien en fid\u00e9lit\u00e9 au charisme de fondation de la Congr\u00e9gation : \u00ab\u00a0<em>L&rsquo;Afrique nous sollicite. En certaines r\u00e9gions, il s&rsquo;agirait de prolonger ce qui se fait chez nous. Dans 10 ans, tous les \u00e9v\u00eaques de l&rsquo;Afrique le r\u00e9p\u00e8tent, l&rsquo;heure sera pass\u00e9e de la d\u00e9cision. [&#8230;] Puisse, dans un avenir proche, notre ch\u00e8re Congr\u00e9gation entendre cet appel qu&rsquo;e\u00fbt entendu le bon P\u00e8re Deshayes et y r\u00e9pondre comme il l&rsquo;e\u00fbt fait, c&rsquo;est \u00e0 dire dans un splendide d\u00e9sint\u00e9ressement en vue de la gloire de Dieu et du salut des \u00e2mes<\/em>\u00ab\u00a0. La c\u00e9r\u00e9monie d&rsquo;envoi des trois premi\u00e8res soeurs eut lieu \u00e0 Saint-Gildas-des-Bois, le 1er D\u00e9cembre 1958.\u00a0En 1989, apr\u00e8s 32 ans de pr\u00e9sence, la Congr\u00e9gation a d\u00e9cid\u00e9 d&rsquo;ouvrir un Noviciat pour la formation des Soeurs au Burkina-Faso.\u00a0<\/td>\n<\/tr>\n<tr>\n<td align=\"left\" valign=\"top\">\n<p><div id=\"attachment_444\" style=\"width: 160px\" class=\"wp-caption alignnone\"><a href=\"http:\/\/soeurs-de-stgildas-nantes.cef.fr\/wp-content\/uploads\/2011\/01\/soeursregionafrique.jpg\"><img loading=\"lazy\" decoding=\"async\" aria-describedby=\"caption-attachment-444\" class=\"size-thumbnail wp-image-444\" title=\"soeursregionafrique\" src=\"http:\/\/soeurs-de-stgildas-nantes.cef.fr\/wp-content\/uploads\/2011\/01\/soeursregionafrique-150x150.jpg\" alt=\"\" width=\"150\" height=\"150\" \/><\/a><p id=\"caption-attachment-444\" class=\"wp-caption-text\">Toutes les soeurs de la r\u00e9gion, F\u00e9vrier 2007<\/p><\/div><\/td>\n<td>\n<h3>Aujourd&rsquo;hui<\/h3>\n<p>En Septembre 2010,\u00a0les soeurs de Saint-Gildas sont pr\u00e9sentes dans deux pays de l&rsquo;Afrique de l&rsquo;Ouest :\u00a0<\/p>\n<p><strong>le Burkina Faso et le Ghana<\/strong>.\u00a0<\/p>\n<p>Au Burkina,\u00a0vingt-sept soeurs forment\u00a0sept communaut\u00e9s.<br \/>\nAu Ghana, six\u00a0soeurs forment deux communaut\u00e9s.\u00a0<\/p>\n<p>Sur l&rsquo;ensemble de la r\u00e9gion, vingt deux soeurs sont africaines et dix\u00a0europ\u00e9ennes.\u00a0<\/td>\n<\/tr>\n<\/tbody>\n<\/table>\n","protected":false},"excerpt":{"rendered":"<p>1958-2008 &#8211; 50 ans de pr\u00e9sence en Afrique de l&rsquo;Ouest Un peu d&rsquo;histoire : \u00a01958,\u00a0\u00a0Les soeurs de Saint-Gildas en Haute Volta appel\u00e9 Burkina Faso depuis 1984 Premi\u00e8re fondation En avril 1957, l&rsquo;encyclique du Pape Pie XII \u00ab\u00a0Fidei Donum\u00a0\u00bb lan\u00e7ait un appel \u00e0 toute l&rsquo;Eglise : une t\u00e2che missionnaire immense restait \u00e0 accomplir. \u00ab\u00a0Vu la gravit\u00e9 [&hellip;]<\/p>\n","protected":false},"author":6,"featured_media":0,"parent":97,"menu_order":3,"comment_status":"closed","ping_status":"closed","template":"","meta":{"ngg_post_thumbnail":0,"footnotes":""},"class_list":["post-1196","page","type-page","status-publish","hentry"],"_links":{"self":[{"href":"https:\/\/soeurs-de-stgildas-nantes.cef.fr\/index.php?rest_route=\/wp\/v2\/pages\/1196","targetHints":{"allow":["GET"]}}],"collection":[{"href":"https:\/\/soeurs-de-stgildas-nantes.cef.fr\/index.php?rest_route=\/wp\/v2\/pages"}],"about":[{"href":"https:\/\/soeurs-de-stgildas-nantes.cef.fr\/index.php?rest_route=\/wp\/v2\/types\/page"}],"author":[{"embeddable":true,"href":"https:\/\/soeurs-de-stgildas-nantes.cef.fr\/index.php?rest_route=\/wp\/v2\/users\/6"}],"replies":[{"embeddable":true,"href":"https:\/\/soeurs-de-stgildas-nantes.cef.fr\/index.php?rest_route=%2Fwp%2Fv2%2Fcomments&post=1196"}],"version-history":[{"count":6,"href":"https:\/\/soeurs-de-stgildas-nantes.cef.fr\/index.php?rest_route=\/wp\/v2\/pages\/1196\/revisions"}],"predecessor-version":[{"id":1742,"href":"https:\/\/soeurs-de-stgildas-nantes.cef.fr\/index.php?rest_route=\/wp\/v2\/pages\/1196\/revisions\/1742"}],"up":[{"embeddable":true,"href":"https:\/\/soeurs-de-stgildas-nantes.cef.fr\/index.php?rest_route=\/wp\/v2\/pages\/97"}],"wp:attachment":[{"href":"https:\/\/soeurs-de-stgildas-nantes.cef.fr\/index.php?rest_route=%2Fwp%2Fv2%2Fmedia&parent=1196"}],"curies":[{"name":"wp","href":"https:\/\/api.w.org\/{rel}","templated":true}]}}