{"id":101,"date":"2011-01-18T10:36:42","date_gmt":"2011-01-18T10:36:42","guid":{"rendered":"http:\/\/soeurs-de-stgildas-nantes.cef.fr\/?page_id=101"},"modified":"2011-05-10T10:13:09","modified_gmt":"2011-05-10T10:13:09","slug":"paroles-de-g-deshayes","status":"publish","type":"page","link":"https:\/\/soeurs-de-stgildas-nantes.cef.fr\/?page_id=101","title":{"rendered":"Paroles du P\u00e8re Deshayes"},"content":{"rendered":"<p>\u00a0<\/p>\n<table style=\"width: 100%;\" border=\"0\">\n<tbody>\n<tr>\n<td><strong>\u00ab\u00a0Ayons pleine confiance en la Providence. C&rsquo;est cette confiance qui doit nous soutenir\u00a0 dans les difficult\u00e9s qui ne manqueront pas de se pr\u00e9senter.\u00a0\u00bb<\/strong><\/td>\n<td>\u00a0<\/td>\n<\/tr>\n<tr>\n<td><em>2 juillet 1826 Lettre ciculaire \u00e0 la mort de la\u00a0 de la\u00a0 M\u00e8re Michelle, fondatrice<\/em><\/td>\n<td>\u00a0<\/td>\n<\/tr>\n<tr>\n<td>\u00a0<\/td>\n<td>\u00a0<\/td>\n<\/tr>\n<tr>\n<td><strong>\u00ab\u00a0J&rsquo;ai le d\u00e9sir de vous savoir heureuse, ce qui aura lieu s\u00fbrement si, ne comptant que sur la Providence, vous ne vous d\u00e9couragez pas \u00e0 la vue des difficult\u00e9s\u00a0\u00bb.<\/strong><\/td>\n<td>\u00a0<\/td>\n<\/tr>\n<tr>\n<td><em>Lettre \u00e0 s\u0153ur St Pascal 14\u00a0 juin 1840<\/em><\/td>\n<td>\u00a0<\/td>\n<\/tr>\n<tr>\n<td>\u00a0<\/td>\n<td>\u00a0<\/td>\n<\/tr>\n<tr>\n<td><strong>\u00ab\u00a0Ranimez votre foi et votre confiance\u00a0\u00bb.<\/strong><\/td>\n<td>\u00a0<\/td>\n<\/tr>\n<tr>\n<td>L&rsquo;\u00e9tat d&rsquo;agitation dans lequel se trouvait la France en 1830, ne permit pas au P\u00e8re Deshayes de r\u00e9unir les soeurs \u00e0 Saint-Gildas \u00e0 l&rsquo;\u00e9poque des vacances d&rsquo;\u00e9t\u00e9, comme cela se faisait chaque ann\u00e9e, pour leur donner une retraite.\u00a0 En janvier 1831, de Saint-Laurent-sur-S\u00e9vre o\u00f9 il r\u00e9sidait, il leur \u00e9crivit une circulaire dont\u00a0 voici un extrait :<br \/>\n\u00ab\u00a0<em>Ne vous effrayez point de tout ce qui peut arriver. Ranimez votre foi et votre confiance, vous rappelant le plus possible, et surtout dans les occasions les plus critiques, que rien n&rsquo;arrive que par l&rsquo;ordre ou la permission de Dieu, qu&rsquo;il dirige tous les \u00e9v\u00e9nements par son Adorable Providence, et qu&rsquo;il peut faire servir les plus grands\u00a0 maux au bien de ses \u00e9lus. Adorez donc ses imp\u00e9n\u00e9trables d\u00e9crets et s&rsquo;il arrivait (ce que je ne pr\u00e9sume pas) qu&rsquo;il fallut confesser la foi, rappelez-vous la constance et la fermet\u00e9 des premiers chr\u00e9tiens.\u00a0\u00bb &#8211; <\/em>c<em>f Gabriel Deshayes L&rsquo;audace de la foi \u00c9crits et paroles.<br \/>\n<\/em><\/td>\n<td>\u00a0<\/td>\n<\/tr>\n<tr>\n<td>\u00a0<\/td>\n<td>\u00a0<\/td>\n<\/tr>\n<tr>\n<td><strong>\u00ab\u00a0Je suis l&rsquo;enfant g\u00e2t\u00e9 de la Providence\u00a0\u00bb.<\/strong><\/td>\n<td>\u00a0<\/td>\n<\/tr>\n<tr>\n<td>\u00a0<\/td>\n<td>\u00a0<\/td>\n<\/tr>\n<tr>\n<td><strong>\u00ab\u00a0Vous pensez sans doute que je suis bien vieux pour m&rsquo;occuper de ces oeuvres, mais n&rsquo;aurais-je que huit jours de vie, je ne cesserais pas pour cela de le faire.\u00a0\u00bb<\/strong><\/td>\n<td>\u00a0<\/td>\n<\/tr>\n<tr>\n<td><em>D\u00e9cembre 1841, huit jours avant sa mort.<\/em><\/td>\n<td>\u00a0<\/td>\n<\/tr>\n<\/tbody>\n<\/table>\n<p><strong>\u00a0<\/strong><\/p>\n","protected":false},"excerpt":{"rendered":"<p>\u00a0 \u00ab\u00a0Ayons pleine confiance en la Providence. C&rsquo;est cette confiance qui doit nous soutenir\u00a0 dans les difficult\u00e9s qui ne manqueront pas de se pr\u00e9senter.\u00a0\u00bb \u00a0 2 juillet 1826 Lettre ciculaire \u00e0 la mort de la\u00a0 de la\u00a0 M\u00e8re Michelle, fondatrice \u00a0 \u00a0 \u00a0 \u00ab\u00a0J&rsquo;ai le d\u00e9sir de vous savoir heureuse, ce qui aura lieu s\u00fbrement [&hellip;]<\/p>\n","protected":false},"author":6,"featured_media":0,"parent":128,"menu_order":5,"comment_status":"closed","ping_status":"closed","template":"","meta":{"ngg_post_thumbnail":0,"footnotes":""},"class_list":["post-101","page","type-page","status-publish","hentry"],"_links":{"self":[{"href":"https:\/\/soeurs-de-stgildas-nantes.cef.fr\/index.php?rest_route=\/wp\/v2\/pages\/101","targetHints":{"allow":["GET"]}}],"collection":[{"href":"https:\/\/soeurs-de-stgildas-nantes.cef.fr\/index.php?rest_route=\/wp\/v2\/pages"}],"about":[{"href":"https:\/\/soeurs-de-stgildas-nantes.cef.fr\/index.php?rest_route=\/wp\/v2\/types\/page"}],"author":[{"embeddable":true,"href":"https:\/\/soeurs-de-stgildas-nantes.cef.fr\/index.php?rest_route=\/wp\/v2\/users\/6"}],"replies":[{"embeddable":true,"href":"https:\/\/soeurs-de-stgildas-nantes.cef.fr\/index.php?rest_route=%2Fwp%2Fv2%2Fcomments&post=101"}],"version-history":[{"count":9,"href":"https:\/\/soeurs-de-stgildas-nantes.cef.fr\/index.php?rest_route=\/wp\/v2\/pages\/101\/revisions"}],"predecessor-version":[{"id":559,"href":"https:\/\/soeurs-de-stgildas-nantes.cef.fr\/index.php?rest_route=\/wp\/v2\/pages\/101\/revisions\/559"}],"up":[{"embeddable":true,"href":"https:\/\/soeurs-de-stgildas-nantes.cef.fr\/index.php?rest_route=\/wp\/v2\/pages\/128"}],"wp:attachment":[{"href":"https:\/\/soeurs-de-stgildas-nantes.cef.fr\/index.php?rest_route=%2Fwp%2Fv2%2Fmedia&parent=101"}],"curies":[{"name":"wp","href":"https:\/\/api.w.org\/{rel}","templated":true}]}}